3
What is the remainder when 854561 is divided by 222?
83
What is the remainder when 156743 is divided by 70?
13
Calculate the remainder when 245548 is divided by 20458.
52
Calculate the remainder when 19285 is divided by 39.
19
Calculate the remainder when 774186168 is divided by 5469.
5466
What is the remainder when 119571 is divided by 35835?
12066
Calculate the remainder when 240383 is divided by 131.
129
What is the remainder when 897001608 is divided by 959?
958
Calculate the remainder when 11223 is divided by 624.
615
What is the remainder when 312405 is divided by 415?
325
What is the remainder when 96520833 is divided by 19304164?
13
What is the remainder when 296191 is divided by 4667?
2170
Calculate the remainder when 230487 is divided by 76708.
363
Calculate the remainder when 733767 is divided by 244510.
237
Calculate the remainder when 660061 is divided by 330008.
45
What is the remainder when 282691 is divided by 70643?
119
Calculate the remainder when 45619 is divided by 15065.
424
What is the remainder when 2414380 is divided by 2515?
2495
What is the remainder when 1907484 is divided by 78?
72
What is the remainder when 25136 is divided by 3579?
83
Calculate the remainder when 1232234 is divided by 35.
24
What is the remainder when 282234 is divided by 338?
4
Calculate the remainder when 86101 is divided by 2599.
334
Calculate the remainder when 3399012 is divided by 1.
0
Calculate the remainder when 4035936 is divided by 53104.
32
What is the remainder when 19972973 is divided by 269?
261
Calculate the remainder when 391175 is divided by 7803.
1025
Calculate the remainder when 15720 is divided by 15672.
48
Calculate the remainder when 42918797 is divided by 2471.
2469
Calculate the remainder when 32507535 is divided by 28.
11
Calculate the remainder when 1463472 is divided by 756.
612
Calculate the remainder when 2867968 is divided by 284.
136
What is the remainder when 163518 is divided by 144?
78
What is the remainder when 9699626 is divided by 11060?
6
Calculate the remainder when 179620 is divided by 15.
10
What is the remainder when 610135 is divided by 38130?
55
Calculate the remainder when 7296112 is divided by 614.
564
What is the remainder when 1845651 is divided by 922805?
41
Calculate the remainder when 1175518 is divided by 61866.
64
Calculate the remainder when 11884548 is divided by 15515.
58
What is the remainder when 1827189 is divided by 913590?
9
Calculate the remainder when 358865 is divided by 25633.
3
Calculate the remainder when 1451414 is divided by 201.
194
Calculate the remainder when 26596249 is divided by 10.
9
Calculate the remainder when 139800 is divided by 1319.
1305
Calculate the remainder when 241834 is divided by 70.
54
Calculate the remainder when 1220264 is divided by 400.
264
What is the remainder when 20540 is divided by 28?
16
Calculate the remainder when 757839 is divided by 12221.
137
Calculate the remainder when 74161456 is divided by 131.
129
Calculate the remainder when 109946 is divided by 1747.
1632
What is the remainder when 1012934 is divided by 288?
38
Calculate the remainder when 45894623 is divided by 11473652.
15
What is the remainder when 34662581 is divided by 116709?
8
Calculate the remainder when 537854 is divided by 17341.
283
Calculate the remainder when 61670 is divided by 1704.
326
Calculate the remainder when 10554632 is divided by 3283.
3070
What is the remainder when 98522 is divided by 119?
109
Calculate the remainder when 276937367 is divided by 3550479.
5
Calculate the remainder when 10283170 is divided by 302446.
6
Calculate the remainder when 125979777 is divided by 1543.
1542
Calculate the remainder when 185279224 is divided by 34.
32
Calculate the remainder when 399438 is divided by 123.
57
Calculate the remainder when 22847606 is divided by 796.
18
Calculate the remainder when 1618131 is divided by 28895.
11
What is the remainder when 679222690 is divided by 9?
7
Calculate the remainder when 324770 is divided by 3820.
70
What is the remainder when 394502 is divided by 101?
97
What is the remainder when 1350844 is divided by 1278?
1276
What is the remainder when 65658 is divided by 329?
187
What is the remainder when 25778397 is divided by 100?
97
Calculate the remainder when 5676231 is divided by 315346.
3
What is the remainder when 20088 is divided by 3976?
208
Calculate the remainder when 9891 is divided by 577.
82
Calculate the remainder when 49666594 is divided by 75.
19
Calculate the remainder when 15305663 is divided by 900333.
2
What is the remainder when 163626 is divided by 424?
386
Calculate the remainder when 10089176 is divided by 420379.
80
Calculate the remainder when 6209114 is divided by 19901.
2
Calculate the remainder when 1234851 is divided by 1277.
1269
What is the remainder when 118614 is divided by 118366?
248
What is the remainder when 23075867 is divided by 181?
177
Calculate the remainder when 2766249 is divided by 922064.
57
What is the remainder when 11231754 is divided by 518?
478
Calculate the remainder when 360920 is divided by 23796.
3980
Calculate the remainder when 1185363 is divided by 395019.
306
What is the remainder when 7870074 is divided by 1257?
1254
What is the remainder when 312396 is divided by 104117?
45
What is the remainder when 2851999 is divided by 43?
24
Calculate the remainder when 50452 is divided by 922.
664
What is the remainder when 213617 is divided by 505?
2
What is the remainder when 18512852 is divided by 36?
32
What is the remainder when 4588009 is divided by 569?
162
What is the remainder when 34130495 is divided by 192?
191
What is the remainder when 15652 is divided by 11171?
4481
What is the remainder when 115060 is divided by 38316?
112
Calculate the remainder when 5768614 is divided by 4071.
7
Calculate the remainder when 4591864 is divided by 113.
109
What is the remainder when 28955941 is divided by 170329?
11
Calculate the remainder when 343711 is divided by 171827.
57
Calculate the remainder when 15498788 is divided by 112.
4
What is the remainder when 436076 is divided by 8651?
3526
Calculate the remainder when 4090100 is divided by 66.
14
Calculate the remainder when 2845555 is divided by 7.
6
Calculate the remainder when 42092090 is divided by 2132.
14
Calculate the remainder when 15337004 is divided by 15650.
4
What is the remainder when 2147371 is divided by 687?
496
Calculate the remainder when 213115 is divided by 212814.
301
What is the remainder when 9924658 is divided by 18177?
16
What is the remainder when 101352234 is divided by 25338057?
6
Calculate the remainder when 266878 is divided by 1630.
1188
Calculate the remainder when 8309 is divided by 412.
69
What is the remainder when 111701 is divided by 2992?
997
What is the remainder when 39865 is divided by 3983?
35
Calculate the remainder when 148235677 is divided by 4998.
4993
Calculate the remainder when 4470 is divided by 104.
102
Calculate the remainder when 162491 is divided by 5601.
62
Calculate the remainder when 281202 is divided by 93112.
1866
What is the remainder when 25613 is divided by 170?
113
What is the remainder when 30618 is divided by 2030?
168
Calculate the remainder when 228683 is divided by 28560.
203
What is the remainder when 324051 is divided by 30?
21
Calculate the remainder when 175310 is divided by 87251.
808
Calculate the remainder when 7900675 is divided by 27.
16
What is the remainder when 106098 is divided by 10582?
278
Calculate the remainder when 4145894 is divided by 736.
6
What is the remainder when 49549 is divided by 6961?
822
Calculate the remainder when 403136 is divided by 25195.
16
Calculate the remainder when 1321001 is divided by 14204.
29
Calculate the remainder when 346842057 is divided by 239.
238
Calculate the remainder when 4405648 is divided by 2166.
4
Calculate the remainder when 167073 is divided by 55548.
429
What is the remainder when 218209 is divided by 104645?
8919
What is the remainder when 7873577 is divided by 605658?
23
Calculate the remainder when 28351 is divided by 6548.
2159
Calculate the remainder when 55956 is divided by 930.
156
Calculate the remainder when 1541617 is divided by 16575.
142
Calculate the remainder when 1549383 is divided by 205.
198
Wha